- 885. What is the tens digit of f?
8
Let k(l) = -86*l + 78. What is the units digit of k(-11)?
4
Let i(o) = o**2 + 1 + o**2 - 3*o - 4. Let s be -5*3*4/(-12). What is the units digit of i(s)?
2
Let y(x) = 5*x - 6. Let t be y(4). Let f = 43 + t. What is the units digit of f?
7
Suppose 5804 + 11804 = 8*l. What is the thousands digit of l?
2
Suppose -2*y + 1175 = 5*x, -278 = 3*x + 4*y - 969. What is the tens digit of x?
3
Let h(c) = 9*c - 4. Let g(o) = o**2 + 8*o - 3. Let j(w) = 5*g(w) - 4*h(w). What is the tens digit of j(3)?
5
Suppose 4*o = 42 + 2. Suppose 5*i = 4 + o. Suppose g = 4*c + 5, i*g + 0 = -c + 2. What is the units digit of g?
1
Let r(x) = -85*x**3 - x**2 + 1. Let p be r(-1). Let k = p + -43. What is the units digit of k?
2
Let y(w) = -w**2 + w - 2. Let d be (-5)/(35/(-2))*7. Let i be y(d). What is the tens digit of 3/(-1)*(i + -2)?
1
Suppose -5*g + 3*i + 25 = 0, -2*g - 3*i = 3*g + 5. Suppose 0 = -z + 3*x + 83, 5*z + g*x - 427 = 5*x. What is the units digit of z?
6
Let o = -2339 + 3295. What is the hundreds digit of o?
9
Suppose 224 = 2*c + 4*m, -2*m = 19 - 9. Let v be 3/(1*(-1)/25). Let h = c + v. What is the units digit of h?
7
Let u = 17 - -3. Suppose u = -4*j, -2*m + j = -48 - 25. What is the units digit of m?
4
Suppose -12 = -2*c + 3*x, 0 = -2*c + 3*c + x + 4. Suppose c = -2*l + 4*t + 142, 5*t - 2*t = -4*l + 317. What is the units digit of l?
7
Let x(l) be the third derivative of -l**6/120 + l**5/12 + l**4/3 + l**3/6 + 4*l**2. Let b be 4/4 - -3 - -2. What is the tens digit of x(b)?
1
Let q(t) = -t**3 + 11*t**2 + 3*t - 29. Let m be q(11). Let z = 18 + m. What is the tens digit of z?
2
Suppose -28 = 53*p - 51*p. Let v = 297 - p. What is the tens digit of v?
1
Suppose 0 = 3*c - 15 - 15. Suppose -4*m = n - 4, c + 2 = 3*n - 5*m. Suppose 0*a + n*a + 4*q - 32 = 0, a + 2*q = 13. What is the units digit of a?
3
Suppose -2*i - 227 = -3*l, 2*l + 4*i - 160 = i. Let c = -22 + l. What is the units digit of c?
5
Suppose f = -f + 2. Suppose 15 = z + 3*l, -z = -l + f + 4. What is the units digit of 21 - 0 - (z + -1)?
2
Suppose 7*o = 4*o + 18. Suppose 4*d + o*z - 291 = 5*z, 2*d - 5*z - 173 = 0. What is the units digit of d?
4
Suppose -2*h - 3*f + 17 = -7, -2*f = -2*h + 4. Suppose -6*y + 4*y = -h. Suppose 3*u - 3 = -15, 0 = y*n + 3*u - 33. What is the tens digit of n?
1
Suppose -3*t = 2*t. Suppose 4*x = -t*x. Suppose 99 = 3*g - x. What is the units digit of g?
3
Let f = -668 - -1135. What is the units digit of f?
7
Suppose v = 3*v - 4. Suppose -3*r - 83 = 4*d, -v*r = 2*r + 4*d + 104. Let a = r - -39. What is the units digit of a?
8
Let j(w) = w**3 + 6*w**2 - 8*w - 4. Let y be j(-7). Suppose 2*d + 2*d = 2*t - 4, 5*d - 17 = -y*t. What is the units digit of d*2*45/18?
5
Let p(g) = g**3 - 5*g**2 - g + 1. Let w be p(5). Let m(q) = -2*q + 11. Let i(c) = -2*c + 9. Let y(x) = 5*i(x) - 4*m(x). What is the units digit of y(w)?
9
Suppose 0 = -5*x + 15, 7*x + 359 = 4*c + 8*x. What is the tens digit of c?
8
Let c(n) = n**3 + 4*n**2 - 3*n. Let h be c(-3). Suppose -25*t = -h*t - 1722. What is the hundreds digit of t?
2
Let r(a) be the first derivative of a**2 + 8*a - 1. What is the units digit of r(0)?
8
Let t(n) = n**3 - 2*n**2 + 790. What is the units digit of t(0)?
0
Suppose -7500 = -9*n + 1374. What is the tens digit of n?
8
Suppose 2*o = -n + 1053, 0 = 3*o + n - 4*n - 1575. What is the units digit of o?
6
Suppose 0 = -2849*o + 2852*o - 17595. What is the units digit of o?
5
What is the hundreds digit of (-61*11/(11/4))/(-1)?
2
What is the units digit of (-14 + 40)*-31*2/(-4)?
3
Suppose -6*m + 8*m + 36 = 0. Let n = m - -20. Suppose -17 - 31 = -n*v. What is the tens digit of v?
2
Suppose 5*w + 13 + 50 = 3*p, 3*p + 2*w = 42. Suppose 5*t - p = 29. Suppose c - 41 = -h, t - 1 = -4*h. What is the tens digit of c?
4
Let c be (-5 + 8)/(1/1). Suppose -8*x + c*x = 130. Let u = x - -61. What is the units digit of u?
5
Suppose -x - 5*y + 1197 = 0, x - 5*y - 1954 = -767. What is the units digit of x?
2
Suppose 2*j = -2*p - 38, 2*p + 73 = 5*j - 0*j. Let q = 29 + p. Suppose 90 = 5*s - 3*u, -s + 51 = 5*u + q. What is the units digit of s?
1
Let p(x) be the first derivative of -33*x**2 + 7. What is the units digit of p(-1)?
6
Let q(y) = -20*y**2 - 12*y - 2. Let d(s) = s**2 - s. Let w(m) = 12*d(m) - q(m). What is the tens digit of w(-2)?
3
Let s = 19 - 115. Let p = -64 - s. What is the tens digit of p?
3
Let o(b) = -18*b - 7. Suppose -2*v + 5*j - 4 - 6 = 0, 5 = -v + 5*j. What is the units digit of o(v)?
3
Suppose -9*z + 5030 + 1882 = 0. What is the units digit of z?
8
Let p(h) be the second derivative of h**3/6 + 2*h**2 - 23*h. What is the units digit of p(0)?
4
Let a = -33 - -37. Suppose -a = -4*s + 5*s, -4*i - 4*s = -184. What is the units digit of i?
0
Let n(x) = -x**3 + 5*x**2 - 3*x - 3. Let g be n(2). Suppose 633 = 8*r - g*r + 3*a, -4*a + 4 = 0. What is the units digit of r?
6
Let s(j) = 5*j**2 + 11*j - 53. Let v be s(13). Suppose 0 = -a - 4*u - 22, -5*a + 0*u - 2*u = 56. What is the units digit of ((-8)/a)/(22/v)?
4
Suppose 5*q - 7485 = z, 3*q - 5964 = -q - 4*z. What is the tens digit of q?
9
Let p(f) = f**3 + 11*f**2 - 8*f - 46. What is the units digit of p(-7)?
6
Let c = -105 + 123. What is the tens digit of c?
1
Suppose 0 = 5*b - 2*x - 29, 4*b - 4*x - 6 = 10. Suppose -5*t + 15 = 5*c, 2*t + t + 5*c = b. Let d = t - -29. What is the tens digit of d?
3
Let b = -443 - -675. Suppose b = 4*p - 0*p. What is the units digit of p?
8
Suppose -g = 4*l - 4766, -l - g + 1145 = -45. What is the tens digit of l?
9
Let r(h) = 40*h**2 - h. Let x be r(-3). What is the units digit of (11/(-3))/((-11)/x)?
1
Let j(g) = -2*g. Let n(x) = x**3 + 11*x**2 - 11*x - 9. Let y be n(-12). Let s be 8/(-28) - (-15)/y. What is the units digit of j(s)?
2
Suppose -a + 1885 = 2*n + 632, 2*n = -3*a + 1247. What is the hundreds digit of n?
6
What is the tens digit of (60 - 53)*(0 - -16)?
1
Let a(s) = -3*s**2 + 5*s - 7. Let l be a(4). Let q = 218 + l. What is the hundreds digit of q?
1
Let b be ((-4)/(-5))/((-2)/40). Let a = b - -28. Suppose 4*y = -3*f + a + 6, 0 = 4*f - 5*y - 24. What is the units digit of f?
6
Let o(c) = -2*c**3 + 11*c**2 + 3*c - 4 + 7*c**2 + 2*c - 5. What is the hundreds digit of o(8)?
1
Let g(b) = -3*b**3 - 6*b**2 + 10*b + 33. What is the hundreds digit of g(-11)?
1
Let y be 3/(-4 - -1)*59. Suppose 2*p + 35 = -3*p. What is the tens digit of y/(p + 3 + 3)?
5
Suppose -24*v + 10427 = -57925. What is the hundreds digit of v?
8
Suppose 2*j + 2*i - 5*i + 19 = 0, -4*j + 3*i - 23 = 0. Let r be (-3)/j*138/3. What is the units digit of r - 3 - (0 + -2)?
8
What is the tens digit of 28*6/(84/49)?
9
Let w(i) = 4*i**2 - 2*i + i**3 - 12 - 13*i**2 + 5*i**2. What is the hundreds digit of w(7)?
1
Let y be (-4 + 6)*(1 - 0). Suppose 0*b = y*b - 8. Suppose 2*r - 5*r = -b*o - 112, -5*o - 5 = 0. What is the units digit of r?
6
Suppose -8*u + 3*u = -z - 7580, 0 = -5*u - 2*z + 7580. What is the units digit of u?
6
Suppose 3*w = 35 + 1. Suppose 0 = w*j - 11*j - 3. What is the units digit of j?
3
Suppose -1638 = -5*f - 2*h, -6*h + 10*h = -f + 324. What is the units digit of f?
8
Let v be (0 + -6)*(-2)/4. Suppose -v - 9 = -3*o. Suppose -o*u = 3*c - 41, 0 = -u - 4*u - 3*c + 49. What is the units digit of u?
8
Suppose -h + 116 = -11*o + 9*o, 5*h - 2*o = 588. What is the hundreds digit of h?
1
Let n = -496 - -937. What is the hundreds digit of n?
4
Let r(b) = -b**2 - 4*b. Let i be r(-4). Suppose w - 4*k - 16 = i, 2*k = 3*w + 6*k. Suppose -3*j = j - w. What is the units digit of j?
1
Let o = 7057 + -4080. What is the units digit of o?
7
Let g(j) = -4*j + 2. Let f be g(-2). Let n(l) = l**2 + 5*l. Let u be n(-4). What is the tens digit of f/15*(-102)/u?
1
Let v(p) = p**3 + 4*p**2 - p + 1027. What is the hundreds digit of v(0)?
0
Suppose 15*a = 30*a - 59520. What is the thousands digit of a?
3
Let k(d) = 2*d + 29. Let r be 4/(-3) - (-28)/21. Let c be (0 - r/(-3))/(-3). What is the units digit of k(c)?
9
Let g(x) = x**2 - 12. Suppose 0*l = 3*l. Let i be g(l). Let v(k) = -3*k - 6. What is the tens digit of v(i)?
3
What is the tens digit of (-1 - (739 - 0))*(-6)/8?
5
Let d = -43 - -258. What is the hundreds digit of d?
2
Suppose -o - 15 = -5*m, -5*m = -0*o - 2*o - 10. Suppose -5*i + 76 = d - 0*i, 404 = o*d + i. What is